e m(-10).
-27
Let s(p) = 55*p + 8. Calculate s(-1).
-47
Let x(v) = -8*v - 54. What is x(-5)?
-14
Let h(u) = 5*u - 14. What is h(-3)?
-29
Let q(x) = x**2 - 5*x - 7. Give q(5).
-7
Let s(n) = 3*n - 5. Give s(5).
10
Let d(h) = h**2 + 59*h + 266. Calculate d(-54).
-4
Let w(p) = 10*p - 5. What is w(-6)?
-65
Let o(n) = -n - 18. Give o(-23).
5
Let v(g) = g**3 - 4*g**2 - 10*g - 6. Give v(6).
6
Let k(z) = -28*z - 16. Calculate k(1).
-44
Let h(p) = -2*p + 29. Determine h(5).
19
Let p(w) = -21*w**2 + 13*w + 13. Calculate p(-1).
-21
Let i(s) = s**2 + 4*s - 1. Give i(-4).
-1
Let y(f) = -2*f**2 - 27*f + 50. Determine y(-15).
5
Let g(u) = -2*u**2 + 48*u + 8. Calculate g(24).
8
Let u(o) = -o**3 + 4*o**2 + 3*o + 12. What is u(5)?
2
Let b(t) = t + 27. Give b(-8).
19
Let b(a) = a**2 - 8*a - 9. Calculate b(8).
-9
Let n(a) = a**3 - 6*a**2 - 7*a - 3. Determine n(7).
-3
Let x(r) = -3*r + 26. Calculate x(10).
-4
Let c(r) = 5*r**2 + 2*r - 3. Determine c(1).
4
Let y(v) = 6*v - 39. Calculate y(-13).
-117
Let o(w) = w - 10. Calculate o(5).
-5
Let p(w) = w**2 + 12*w + 5. What is p(-2)?
-15
Let r(p) = -p - 14. Give r(-12).
-2
Let x(d) = 8*d - 1. Calculate x(-4).
-33
Let d(m) = -m**2 - 5*m + 121. Calculate d(9).
-5
Let p(r) = -3*r - 70. What is p(-28)?
14
Let s(p) = 28*p**2 + 2*p - 1. Give s(1).
29
Let u(o) = 66*o + 204. Calculate u(-3).
6
Let r(m) = m - 10. Calculate r(15).
5
Let r(v) = -20*v**3 - v**2 + v + 1. Determine r(-1).
19
Let k(u) = 3*u**2 - 1. Give k(1).
2
Let v(r) = 6*r + 52. Determine v(-8).
4
Let y(c) = c**3 + 10*c**2 - 44*c - 57. Calculate y(-13).
8
Let w(a) = a - 21. Determine w(5).
-16
Let b(t) = t**3 - 8*t**2 + 9*t + 14. What is b(6)?
-4
Let u(o) = -o**3 + 10*o**2 - 11*o + 22. Calculate u(9).
4
Let b(r) = -r - 28. What is b(-8)?
-20
Let q(s) = 52*s - 12. Calculate q(1).
40
Let c(i) = 22*i + 32. Give c(-2).
-12
Let h(b) = -2*b**3 + 11*b**2 - 22*b. Calculate h(3).
-21
Let s(c) = -c**3 + 15*c**2 + 20*c - 56. Calculate s(16).
8
Let y(g) = g + 10. Give y(-12).
-2
Let r(k) = -2*k + 43. Calculate r(22).
-1
Let k(l) = 5*l - 12. Calculate k(3).
3
Let q(o) = 2*o**3 - 3*o**2 + 2*o - 2. Calculate q(3).
31
Let g(f) = f**3 - 9*f**2 - 23*f + 3. What is g(11)?
-8
Let f(y) = -y + 2. Give f(6).
-4
Let q(o) = 6*o. Calculate q(7).
42
Let s(h) = h - 5. Give s(-2).
-7
Let s(t) = t - 1. Give s(-9).
-10
Let x(u) = -u**3 + 11*u**2 + 16*u - 41. Give x(12).
7
Let j(b) = -b**2 - 12*b + 4. Determine j(-9).
31
Let v(z) = z - 13. Give v(9).
-4
Let n(c) = c**3 - 7*c**2 + 7*c + 4. What is n(6)?
10
Let o(k) = k**3 - 20*k**2 - 4*k - 361. Give o(21).
-4
Let c(f) = -f**2 + 9*f - 4. Calculate c(9).
-4
Let q(b) = b**2 + 53*b + 322. What is q(-46)?
0
Let s(x) = x**2 - 5*x + 49. Calculate s(6).
55
Let r(d) = d - 9. Give r(5).
-4
Let j(l) = l - 10. Determine j(-4).
-14
Let k(x) = -x**3 - 4*x**2 + 16*x - 1. What is k(-5)?
-56
Let r(d) = -d**2 + 6. Determine r(3).
-3
Let k(x) = 14*x - 57. Give k(5).
13
Let s(l) = -l**3 + 7*l**2 + 8*l - 7. Determine s(8).
-7
Let i(b) = -24*b + 4. Calculate i(4).
-92
Let x(l) = 6*l + 6. Give x(-2).
-6
Let f(b) = -b**2 + 25*b + 349. Calculate f(-10).
-1
Let u(w) = -w**2 + 12*w + 11. Determine u(7).
46
Let g(r) = -5*r**2 + 6. Give g(3).
-39
Let y(n) = -n**2 + 16*n - 18. Calculate y(19).
-75
Let c(j) = j**3 - 5*j**2 - 3*j - 5. Give c(6).
13
Let v(a) = -10*a + 90. Calculate v(7).
20
Let i(w) = w**2 + 29*w + 181. What is i(-10)?
-9
Let j(y) = y**2 + 8*y - 1. Determine j(-6).
-13
Let u(f) = -4*f**2 - 9*f + 3. Give u(-4).
-25
Let u(o) = 3*o**2 - 14*o. Determine u(5).
5
Let k(u) = 4*u - 8. What is k(6)?
16
Let a(v) = 10*v - 50. What is a(7)?
20
Let k(l) = 5*l - 1. What is k(1)?
4
Let t(m) = -3*m + 2. Calculate t(2).
-4
Let f(u) = -6*u + 3. Calculate f(3).
-15
Let s(l) = -l**3 - 23*l**2 + l + 16. What is s(-23)?
-7
Let w(r) = -r + 2. Determine w(-3).
5
Let t(m) = -13*m - 470. Determine t(-37).
11
Let u(q) = q**3 - 14*q**2 + 9*q + 67. Calculate u(13).
15
Let r(m) = m**2 - 9*m - 4. Determine r(8).
-12
Let l(z) = -17*z**2 - 10*z - 1. Calculate l(-2).
-49
Let t(j) = -j**2 - 19*j - 44. Give t(-7).
40
Let o(n) = n**3 - 6*n**2 + 7*n + 5. What is o(6)?
47
Let q(b) = b**2 + 148*b - 610. Determine q(4).
-2
Let l(n) = -7*n**2 - 76*n + 4. Determine l(-11).
-7
Let g(q) = q**2 + 21*q + 104. What is g(-8)?
0
Let p(x) = -24*x**3 + x**2 - 2. Determine p(1).
-25
Let f(i) = i**3 - 7*i**2 - i + 3. Calculate f(7).
-4
Let u(p) = p**2 + 17*p - 19. Calculate u(-18).
-1
Let p(y) = y**2 + 12*y + 2. What is p(-7)?
-33
Let u(f) = -f**3 + f**2 + f + 2. Calculate u(2).
0
Let x(l) = l**3 + 3*l**2 - l - 1. Determine x(-3).
2
Let f(z) = -z + 8. Give f(15).
-7
Let t(m) = -2*m**2 - 11*m - 13. Determine t(-6).
-19
Let c(t) = 2*t**2 - 4*t + 12. What is c(3)?
18
Let w(a) = -19*a - 250. Determine w(-13).
-3
Let w(u) = -u**3 - 12*u**2 - 9*u - 7. Calculate w(-11).
-29
Let x(v) = v - 20. Calculate x(25).
5
Let p(g) = -22*g. Give p(-1).
22
Let q(x) = -24*x**2 + 1. Determine q(1).
-23
Let r(n) = -29*n**2 - 5*n - 6. Give r(-1).
-30
Let z(a) = -2*a**3 + 15*a**2 + 3*a + 9. What is z(7)?
79
Let z(x) = -x + 11. What is z(7)?
4
Let q(h) = h**3 - 7*h**2 + 3*h. Give q(6).
-18
Let u(l) = -l**2 - 21*l - 17. Determine u(-18).
37
Let r(p) = 2*p**3 + 3*p**2 - 2*p - 2. What is r(-3)?
-23
Let u(w) = -5*w - 2. Calculate u(-3).
13
Let x(s) = 27*s + 821. Give x(-31).
-16
Let a(w) = w**2 + 11*w - 25. Calculate a(-17).
77
Let p(v) = -3*v + 24. Determine p(17).
-27
Let w(b) = 4*b**2 - 12*b - 10. Calculate w(4).
6
Let q(l) = 2*l**3 - 7*l**2 - 6*l + 9. Calculate q(4).
1
Let b(s) = -4*s + 36. Calculate b(10).
-4
Let j(t) = 2*t + 3. Give j(-14).
-25
Let r(y) = 3*y + 28. Calculate r(-7).
7
Let b(u) = u**3 + u**2. Calculate b(2).
12
Let w(r) = -3*r - 36. What is w(-13)?
3
Let c(a) = -a**3 + 6*a**2 + 17*a - 2. Calculate c(8).
6
Let a(p) = p**3 - 5*p**2 + 4*p - 6. What is a(4)?
-6
Let l(o) = -o**3 - 4*o**2 + 10*o - 2. Give l(-6).
10
Let f(g) = g**3 + 48*g**2 + 50*g + 151. What is f(-47)?
10
Let g(b) = b**3 - 3*b**2 - 3*b - 1. Determine g(4).
3
Let g(u) = -115*u - 3. Give g(1).
-118
Let v(m) = m**2 - 2*m. Calculate v(4).
8
Let s(f) = -3*f**2 + 34*f - 4. Calculate s(12).
-28
Let c(b) = b**2 - 45. Calculate c(-6).
-9
Let p(q) = -q**3 + 16*q**2 - 15*q - 13. What is p(15)?
-13
Let k(w) = -5*w + 8. What is k(-7)?
43
Let b(l) = l**2 - 7*l - 2. Calculate b(7).
-2
Let i(w) = 3*w - 6. What is i(6)?
12
Let s(x) = -x**3 - 6*x**2 + x + 2. Give s(-6).
-4
Let v(a) = 6*a - 21. Give v(6).
15
Let v(j) = -3*j**2 - 8*j - 17. Calculate v(-6).
-77
Let g(n) = -2*n - 32. Calculate g(-11).
-10
Let l(s) = 5*s - 6. What is l(7)?
29
Let c(m) = -m**2 - 4*m + 6. What is c(0)?
6
Let l(s) = -21*s + 15. Give l(7).
-132
Let s(d) = -3*d**2 + 2*d - 1. Determine s(-2).
-17
Let z(a) = 34*a - 66. What is z(3)?
36
Let k(v) = v**3 - 38*v**2 - 11*v + 428. Determine k(38).
10
Let c(x) = -7*x - 78. Calculate c(-15).
27
Let p(h) = 47*h + 6. Give p(-3).
-135
Let i(f) = -11*f**2 + 2. Determine i(-2).
-42
Let u(a) = -4*a + 2. Calculate u(-2).
10
Let z(m) = -11*m + 4. What is z(3)?
-29
Let l(y) = -y**3 + 12*y**2 + 2*y - 12. Determine l(12).
12
Let v(l) = -l**3 - 5*l**2 + 2*l + 12. Calculate v(-5).
2
Let w(h) = -5*h + 4. Calculate w(1).
-1
Let i(f) = f**3 - 13*f**2 - 14*f + 6. What is i(14)?
6
Let o(d) = 13*d. Give o(1).
13
Let f(n) = 3*n**3 - 3*n**2 + 5*n - 1. What is f(4)?
163
Let m(f) = -f**3 - 18*f**2 + 3*f + 57. What is m(-18)?
3
Let u(o) = o**3 + o**2 + 2*o + 5. Give u(0).
5
Let l(m) = 6*m**2 + 37*m - 13. Determine l(-6).
-19
Let g(c) = 3*c**3 - 5*c**2 + 4*c. Determine g(2).
12
Let i(z) = -2*z**3 - 26*z**2 + 2*z + 31. Calculate i(-13).
5
Let k(p) = p**3 - 45*p**2 + 47*p - 116. What is k(44)?
16
Let z(u) = 14*u**3 + 2*u**2 + u - 3. Calculate z(1).
14
Let i(w) = -2*w**3 - 20*w**2 - 3*w - 26. What is i(-10)?
4
Let o(f) = f**3 - 17*f**2 - 43*f + 98. What is o(19)?
3
Let b(c) = c**3 - c**2 - c - 28. What is b(0)?
-28
Let z(p) = p + 1. What is z(3)?
4
Let l(j) = -5*j**2 + 23*j + 42. Determine l(-2).
-24
Let k(h) = h**2 - 14*h + 14. Give k(13).
1
Let m(x) = 2*x**3 + 11*x**2 - 6*x - 8. Determine m(-6).
-8
Let a(m) = -2*m + 50. Determine a(26).
-2
Let n(a) = -a**3 - 17*a**2 + 18*a - 17. Determine n(-18).
-17
Let s(x) = -x**3 + 13*x**2 - 16*x + 11. What is s(12)?
-37
Let a(k) = -k**3 + k**2 + 6*k 